ainder when o is divided by r?
10
Suppose 2*o - 5*m = -21, -2*o - 8 = m + 7. What is the remainder when 42 is divided by 1*(-18)/o*4?
6
Let h(d) = d**3 + 5*d**2 - 8*d. Let v = 260 - 177. Calculate the remainder when v is divided by h(-6).
11
What is the remainder when 1 + 30 + -1 + 0 is divided by (78/(-12) + 7)*(-4 - -26)?
8
Suppose 6*n = -0*n + 24. Suppose 0 = o + 4*p + 4, -5*p = -p + n. Suppose o = 4*w + 3*g - 39, g + 42 = 3*w - g. Calculate the remainder when 35 is divided by w.
11
Let u = -898 + 1624. Calculate the remainder when u is divided by 104.
102
Let w be (-40)/(-120) + 1 + 2/(-6). Calculate the remainder when (-11)/(-1) + (w - -1) is divided by 8.
5
What is the remainder when (-204)/(-2)*(-143)/(-39) is divided by 122?
8
Suppose 5*t - 2*n - 103 = 0, 0*n = 5*t + n - 106. Suppose y + 2*y + g = 35, 5*g = 4*y - 34. Calculate the remainder when t is divided by y.
10
Let d = -105 + 252. Calculate the remainder when d is divided by 31.
23
Suppose 0 = 3*j - 0*j + 12, -5*r = 3*j + 112. Calculate the remainder when 105 is divided by (1 + (-4)/r)/(2/30).
15
Calculate the remainder when 85 is divided by ((-13)/(52/72))/(30/(-20)).
1
Let u(v) = 16 + 5*v + 3*v + v**2 - 5*v. Calculate the remainder when 74 is divided by u(-5).
22
Let m = 6 + 6. Calculate the remainder when (8 - 12)/((-1)/34*4) is divided by m.
10
Let p = 119 + -79. Suppose -p = 20*n - 22*n. Calculate the remainder when 38 is divided by n.
18
Let q(z) = 2*z**3 - 7*z**2 - 7. Let b be q(5). Suppose -t = 2*l - 30, 0 = -2*t - 2*l - 0*l + b. Calculate the remainder when t is divided by 20.
18
Suppose -155 = 15*r - 20*r. Calculate the remainder when 211 is divided by r.
25
What is the remainder when -142*(-8 - (-120)/16) is divided by 36?
35
Let g(b) = 4*b + 7. Let r be g(-2). Let v be (114/12)/(r/(-6)). Suppose -m + v = 5*w - 33, -5*w + 75 = -2*m. Calculate the remainder when w is divided by 9.
8
Suppose -4*r + y = -1431, -r + 384 = 11*y - 6*y. What is the remainder when r is divided by 60?
59
Suppose 62*m = 76*m - 518. Calculate the remainder when 180 is divided by m.
32
Suppose 0 = 53*d - 48*d - 110. Let t(w) = w**3 + 10*w**2 + 16*w + 14. Calculate the remainder when t(-6) is divided by d.
18
Suppose 1430 = 34*j + 512. What is the remainder when 139 is divided by j?
4
Suppose 0 = 7*o - 3*o + 32. What is the remainder when 0 + 2 - (-49 - (4 - 8)) is divided by o/5*90/(-12)?
11
Let g = -88 - -128. Suppose -2*u + g = -30. What is the remainder when u is divided by 10?
5
Let v(y) = 5*y - 10. Let p be v(-11). Let o = 37 - p. Suppose 11*d - 21 = 265. What is the remainder when o is divided by d?
24
Suppose -x = -4*x + 6. Let t be 128/(-22) + x/(-11). What is the remainder when (-14)/21 - 232/t is divided by 20?
18
Suppose -2*b = -o - 0*b + 17, 2*b = -o + 9. Suppose -2*v + o = -5. Let x(m) = m**3 + 19*m**2 + 33*m + 25. What is the remainder when x(-17) is divided by v?
6
Suppose m = -5*d + 11, 9 = -4*m - 7. Suppose 2*u + d*u = -4*p + 23, -2*p = u - 13. Suppose 7 = p*t - 6*t. What is the remainder when t is divided by 2?
1
Suppose 20*v = -5*v + 400. What is the remainder when 155 is divided by v?
11
Let q(l) = 23*l - 3. What is the remainder when 177 is divided by q(1)?
17
Let c = -266 + 271. Calculate the remainder when 9 is divided by c.
4
Suppose 26 = o + 4*g, -10*o + 5*o + 130 = 2*g. What is the remainder when 283 is divided by o?
23
Suppose 180 = 17*x - 20*x. Let t = -27 - x. What is the remainder when t is divided by 9?
6
Let o(z) = z**3 + 12*z**2 + 18*z - 15. What is the remainder when o(-9) is divided by 10?
6
Let r(m) = -272*m**3 + 3*m + 4. Calculate the remainder when r(-2) is divided by 68.
66
Let q = -237 - -293. What is the remainder when 335 is divided by q?
55
Suppose 0 = 3*a - 2*h - 92 + 12, -56 = -3*a - 4*h. What is the remainder when 81 is divided by a?
9
Let u(a) = -94*a**3 - a**2 - 3*a - 1. Calculate the remainder when u(-1) is divided by (0 - 6)/(3/(-8)).
15
Suppose -5*q + 105 + 405 = -2*i, 3*q - 2*i - 310 = 0. Suppose 15*c - 10*c - q = 0. What is the remainder when 76 is divided by c?
16
Suppose 0 = 37*c + 230 - 896. Calculate the remainder when 102 is divided by c.
12
Let o = 32 + -10. Suppose 2*n - o - 6 = 0. What is the remainder when 38 is divided by n?
10
Suppose 16*j - 296 - 600 = 0. What is the remainder when 671 is divided by j?
55
Suppose -13 - 47 = 4*c. Let h = -16 - c. What is the remainder when 49/(-14)*(-1 + h) is divided by 3?
1
Suppose -2*t + 90*h + 182 = 86*h, 0 = -3*h + 9. Calculate the remainder when 181 is divided by t.
84
Let d(m) = m**3 - 7*m**2 - 8*m + 3. Let h be d(8). Suppose -5*w + 4*w + h = 0. Suppose -5*o + 146 = -w*o. What is the remainder when o is divided by 25?
23
Let v be (-4 - 0) + (-912)/(-8). Calculate the remainder when 91 is divided by 22/v + 228/10.
22
Let n = 15 - 11. Suppose -16 = -n*v + 40. Let q(p) = -p + 9. Calculate the remainder when v is divided by q(0).
5
Let h(l) = 115*l - 211. What is the remainder when 71 is divided by h(2)?
14
Suppose -1 = -t + 4. Suppose 2*k = -0*m + 3*m + 82, 0 = -m + 2*k - 30. Let y = m + 33. Calculate the remainder when y is divided by t.
2
Let s be (-6 - -4)*46/(-4). Suppose -2*r + 5*f = -s, 34 = 4*r + f - 23. Calculate the remainder when 26 is divided by r.
12
Let l = -10 - 6. Let o = 34 + l. Calculate the remainder when 50 is divided by o.
14
Let o = 171 + -100. Suppose 4*g = -p + 14, 0*p + 4*p + g - o = 0. What is the remainder when p is divided by 7?
4
Suppose 4*o + 208 = 12*o. Calculate the remainder when o is divided by 3.
2
Let r(o) = o**3 - 3*o**2 + 5*o - 7. Let x be r(3). Let s = x - -7. What is the remainder when s is divided by 4?
3
Let g = 5 + 1. Let f = -2 + 1. What is the remainder when -2 + 5 + f + 20 is divided by g?
4
Suppose -5*u + 3*q - 7*q = -156, 3*q = 3*u - 72. Calculate the remainder when 50 is divided by u.
22
Let o be 10/(-40) - 1/(-4). Let t(g) = -g**2 + 3*g + 4. Calculate the remainder when 35 is divided by t(o).
3
Suppose -2*v = -0*s + 4*s - 78, s = 3*v - 138. Let g = v - 36. Calculate the remainder when 34 is divided by g.
7
Suppose -519 = -3*v - 348. What is the remainder when 517 is divided by v?
4
Let l = -10519 + 10528. Calculate the remainder when l is divided by 31/4 - 3/(-12).
1
Let w = -14 + 10. Calculate the remainder when (1176/16)/((-2)/w) is divided by -111*2*(-2)/12.
36
Let g = -365 - -378. What is the remainder when 20 is divided by g?
7
Suppose -9*g + 423 = 27. What is the remainder when 84 is divided by g?
40
Suppose -2*w = -6*w + 108. Suppose -2*k - k - 5*t = -20, -3*t - 12 = -3*k. Calculate the remainder when ((-5 - -3) + k)/(2/34) is divided by w.
24
Suppose -5*n = 5*k - 830, -5*k - 2*n + 151 = -697. Calculate the remainder when k is divided by ((-29)/4)/(2/(-8)).
27
Let u = -223 - -413. Let z = u - 108. Calculate the remainder when z is divided by 42.
40
Suppose -3*a + 7 = 2*q - 13, 0 = 4*a + 4*q - 24. What is the remainder when 1078 is divided by a?
6
Let r(b) = 103*b - 592. What is the remainder when r(6) is divided by 11?
4
Suppose 0 = -31*z + 9*z + 814. Calculate the remainder when 55 is divided by z.
18
Suppose -25 = -14*r + 283. Calculate the remainder when r is divided by (-3)/6*(-12)/1.
4
Suppose 4*t + 4*x - 20 = 0, -3*t - 5*x = -10 - 7. Suppose -2*n + 60 = t*g - 0*n, 3*n + 1 = g. Let q = -176 + 227. What is the remainder when q is divided by g?
12
Let h(t) = -t + 1. Let p be h(-9). Let r = 0 + p. Suppose 15 = 5*z, 2*x + 2*z - r = 12. Calculate the remainder when x is divided by 5.
3
Let o = 223 - 190. Suppose -2*q = -0*q + 3*m - 6, -4*m + 2 = 2*q. What is the remainder when o is divided by q?
6
What is the remainder when ((-3)/9)/(6/108) - -423 is divided by 60?
57
Let j = 52 - 34. What is the remainder when (-1)/((-10)/70) + 59 is divided by j?
12
Let l = 38 + -11. Calculate the remainder when l is divided by 17 + (3 + -2 - 2).
11
Let x(o) = o - 8. Let y be x(-9). Let i = -12 - y. What is the remainder when 16 is divided by i?
1
Suppose 0 = 7*x - 2*x - 420. Calculate the remainder when x is divided by 24.
12
Let k = -40 - -117. Suppose -3*f + 7 = -k. Calculate the remainder when f is divided by 8.
4
Let m = 47 - -27. Suppose -26 - m = -5*d. Calculate the remainder when 97 is divided by d.
17
Let b(p) be the second derivative of -p**4